{"id":64,"date":"2021-05-02T09:00:15","date_gmt":"2021-05-02T07:00:15","guid":{"rendered":"https:\/\/gpbb.sandbox.netzmaedchen.de\/?page_id=64"},"modified":"2025-09-17T11:23:19","modified_gmt":"2025-09-17T09:23:19","slug":"impressum","status":"publish","type":"page","link":"https:\/\/kessler-handorn.de\/karriere\/impressum\/","title":{"rendered":"Impressum"},"content":{"rendered":"\n<h1>\n\t\t\tImpressum\t<\/h1>\n\t<h3>Verantwortlicher<\/h3>\nKessler-Handorn Unternehmensgruppe<br \/>\nAn der Feuerwache 10<br \/>\n67663 Kaiserslautern\n<p>Handelsregister Kaiserslautern, HRB 3842<\/p>\n<h3>Vertreten durch<\/h3>\n<p>vertretungsberechtigter Gesch\u00e4ftsf\u00fchrer: Johannes Schoner<\/p>\n<h3>Kontakt<\/h3>\nTelefon: 0631 3173-0<br \/>\nTelefax: 0631 3173-333<br \/>\nE-Mail: info@kessler-handorn.de\n<h3>Umsatzsteuer-ID<\/h3>\nUmsatzsteuer-Identifikationsnummer gem\u00e4\u00df \u00a7 27 a Umsatzsteuergesetz:<br \/>\nDE317199614\n<h3>Aufsichtsbeh\u00f6rde<\/h3>\nLandesamt f\u00fcr Soziales, Jugend und Versorgung (Heimaufsicht)<br \/>\nReiterstra\u00dfe 16<br \/>\n76829 Landau<br \/>\nhttps:\/\/lsjv.rlp.de\n<h3>Verantwortlich f\u00fcr den Inhalt<\/h3>\n<p>Johannes Schoner<\/p>\n<h3>Verantwortlich f\u00fcr Fotomaterial<\/h3>\nThomas Brenner Photographie<br \/>\nOchsenberg 33<br \/>\n67659 Kaiserslautern<br \/>\n<a href=\"http:\/\/www.brenner-photographie.com\" target=\"_blank\" rel=\"noopener noreferrer\">Brenner Photographie<\/a>\n<h3>Verantwortlich f\u00fcr Medizinproduktsicherheit<\/h3>\n<p><a href=\"mailto:medizinprodukte@kessler-handorn.de\">medizinprodukte@kessler-handorn.de<\/a><\/p>\n<p>&nbsp;<\/p>\n<p>Quelle: <em><a href=\"https:\/\/www.e-recht24.de\/\">https:\/\/www.e-recht24.de<\/a><\/em><\/p>\n\n","protected":false},"excerpt":{"rendered":"<p>Impressum Verantwortlicher Kessler-Handorn Unternehmensgruppe An der Feuerwache 10 67663 Kaiserslautern Handelsregister Kaiserslautern, HRB 3842 Vertreten durch vertretungsberechtigter Gesch\u00e4ftsf\u00fchrer: Johannes Schoner Kontakt Telefon: 0631 3173-0 Telefax: 0631 3173-333 E-Mail: info@kessler-handorn.de Umsatzsteuer-ID Umsatzsteuer-Identifikationsnummer gem\u00e4\u00df \u00a7 27 a Umsatzsteuergesetz: DE317199614 Aufsichtsbeh\u00f6rde Landesamt f\u00fcr Soziales, Jugend und Versorgung (Heimaufsicht) Reiterstra\u00dfe 16 76829 Landau https:\/\/lsjv.rlp.de Verantwortlich f\u00fcr den Inhalt Johannes &#8230; <a title=\"Impressum\" class=\"read-more\" href=\"https:\/\/kessler-handorn.de\/karriere\/impressum\/\" aria-label=\"Mehr Informationen \u00fcber Impressum\">Weiterlesen<\/a><\/p>\n","protected":false},"author":1,"featured_media":0,"parent":0,"menu_order":0,"comment_status":"closed","ping_status":"closed","template":"","meta":{"_acf_changed":false,"_seopress_robots_primary_cat":"","_seopress_titles_title":"","_seopress_titles_desc":"","_seopress_robots_index":"","pgc_sgb_lightbox_settings":"","footnotes":""},"class_list":["post-64","page","type-page","status-publish"],"acf":[],"_links":{"self":[{"href":"https:\/\/kessler-handorn.de\/karriere\/wp-json\/wp\/v2\/pages\/64","targetHints":{"allow":["GET"]}}],"collection":[{"href":"https:\/\/kessler-handorn.de\/karriere\/wp-json\/wp\/v2\/pages"}],"about":[{"href":"https:\/\/kessler-handorn.de\/karriere\/wp-json\/wp\/v2\/types\/page"}],"author":[{"embeddable":true,"href":"https:\/\/kessler-handorn.de\/karriere\/wp-json\/wp\/v2\/users\/1"}],"replies":[{"embeddable":true,"href":"https:\/\/kessler-handorn.de\/karriere\/wp-json\/wp\/v2\/comments?post=64"}],"version-history":[{"count":7,"href":"https:\/\/kessler-handorn.de\/karriere\/wp-json\/wp\/v2\/pages\/64\/revisions"}],"predecessor-version":[{"id":2063,"href":"https:\/\/kessler-handorn.de\/karriere\/wp-json\/wp\/v2\/pages\/64\/revisions\/2063"}],"wp:attachment":[{"href":"https:\/\/kessler-handorn.de\/karriere\/wp-json\/wp\/v2\/media?parent=64"}],"curies":[{"name":"wp","href":"https:\/\/api.w.org\/{rel}","templated":true}]}}