{"id":94,"date":"2021-05-13T15:29:41","date_gmt":"2021-05-13T13:29:41","guid":{"rendered":"https:\/\/gpbb.sandbox.netzmaedchen.de\/?page_id=94"},"modified":"2026-03-06T11:53:42","modified_gmt":"2026-03-06T10:53:42","slug":"kessler-handorn-karriere","status":"publish","type":"page","link":"https:\/\/kessler-handorn.de\/karriere\/","title":{"rendered":"Kessler Handorn Karriereportal"},"content":{"rendered":"\n<h1>\n\t\t\tFinden Sie Ihren Traumjob in der Pflege\t<\/h1>\n\t<p>An unseren vier Standorten bieten wir Ihnen eine breite Auswahl an Stellen in der Pflege. Tolle Arbeitsbedingungen und vielf\u00e4ltige Entwicklungsm\u00f6glichkeiten helfen bei der Entscheidung f\u00fcr einen Job bei Kessler-Handorn.<\/p>\n<figure itemscope itemtype=\"https:\/\/schema.org\/ImageObject\">\n\t\t\t\t<img decoding=\"async\" src=\"https:\/\/kessler-handorn.de\/karriere\/wp-content\/uploads\/2023\/06\/logo-we-care-4-you-gedreht-15.png\" alt=\"logo we care 4 you gedreht 15\" height=\"170\" width=\"198\" title=\"logo we care 4 you gedreht 15\" onerror=\"this.style.display='none'\" loading=\"lazy\" \/>\n\t<\/figure>\n\t\t\t<a href=\"https:\/\/kessler-handorn.de\/karriere\/jobs\/#stellenangebote\"  target=\"_self\">\n\t\t\t\t\t\t\tJobs st\u00f6bern &rarr;\n\t\t\t\t\t<\/a>\n\t\t\t<a href=\"#gruende\"  target=\"_self\">\n\t\t\t\t\t\t\tMehr Infos &rarr;\n\t\t\t\t\t<\/a>\n<figure itemscope itemtype=\"https:\/\/schema.org\/ImageObject\">\n\t\t\t\t<img decoding=\"async\" src=\"https:\/\/kessler-handorn.de\/karriere\/wp-content\/uploads\/2023\/06\/kessler-handorn-pflegefachkraft-1024x768.jpg\" alt=\"kessler handorn pflegefachkraft\" height=\"768\" width=\"1024\" title=\"kessler handorn pflegefachkraft\" onerror=\"this.style.display='none'\" loading=\"lazy\" \/>\n\t<\/figure>\n<figure itemscope itemtype=\"https:\/\/schema.org\/ImageObject\">\n\t\t\t\t<img decoding=\"async\" src=\"https:\/\/kessler-handorn.de\/karriere\/wp-content\/uploads\/2021\/05\/ikk_siegel_2022_gesundes_unternehmen_4c_ZW_RZ-e1688464265125.png\" alt=\"Gesundes Unternehmen\" height=\"150\" width=\"150\" title=\"ikk_siegel_2022_gesundes_unternehmen_4c_ZW_RZ\" onerror=\"this.style.display='none'\" loading=\"lazy\" \/>\n\t<\/figure>\n<h2>\n\t\t\tGute Gr\u00fcnde f\u00fcr einen Job bei Kessler-Handorn\t<\/h2>\n<figure itemscope itemtype=\"https:\/\/schema.org\/ImageObject\">\n\t\t\t\t<img decoding=\"async\" src=\"https:\/\/kessler-handorn.de\/karriere\/wp-content\/uploads\/2021\/05\/RZ-Web-AAP-ausgezeichnet-2023-op.png\" alt=\"rz web aap ausgezeichnet 2023 op\" height=\"187\" width=\"240\" title=\"rz web aap ausgezeichnet 2023 op\" onerror=\"this.style.display='none'\" loading=\"lazy\" \/>\n\t<\/figure>\n\t<p>Wie um unsere Senioren und Seniorinnen, k\u00fcmmern wir uns auch um unser Team mit gro\u00dfer Wertsch\u00e4tzung und Achtsamkeit. Gute Arbeitsbedingungen und immer ein offenes Ohr f\u00fcr Ihre Anliegen sorgen f\u00fcr ein einzigartiges Arbeitsumfeld.<\/p>\n\t\t\t\tFamilie und Beruf\n\t<h3>Familie &#038; Beruf<\/h3><hr \/>\n<p>F\u00fcr gute Vereinbarkeit von Familie und Beruf sorgen wir mit M\u00fctterdiensten und flexibler Dienstplangestaltung.<\/p>\n\t\t\t\tFamilie und Beruf\n\t<h3>Arbeitsklima<\/h3><hr \/>\n<p>Wir legen Wert auf angenehme und wertsch\u00e4tzende Atmosph\u00e4re und unterst\u00fctzen gutes Teamwork und gute Kommunikation<\/p>\n\t\t\t\tFamilie und Beruf\n\t<h3>Verg\u00fctung &#038; Boni<\/h3><hr \/>\n<p>Wir zahlen gut und unterst\u00fctzen weiter durch Leistungen wie Altersvorsorge, kostenfreie Snacks und Gesundheitsleistungen<\/p>\n\t\t\t\tFamilie und Beruf\n\t<h3>Gesund &#038; Munter<\/h3><hr \/>\n<p>Ihre Gesundheit liegt uns am Herzen. Mit Angeboten wie Massagen, langen Urlauben und Vorsorgeuntersuchungen sorgen wir f\u00fcr unsere Mitarbeiter.<\/p>\n\t\t\t\tFamilie und Beruf\n\t<h3>Aus- &#038; Fortbildung<\/h3><hr \/>\n<p>Wir lassen Sie nicht allein. Gute Einarbeitung, regelm\u00e4\u00dfige Fortbildung und ein offenes Ohr f\u00fcr Ihre Ziele erhalten Sie gesund und motiviert.<\/p>\n\t\t<h3><a href=\"https:\/\/kessler-handorn.de\/karriere\/jobs\/#stellenangebote\" target=\"_self\">H\u00f6rt sich gut an?<\/a><\/h3><p>St\u00f6bern Sie in unseren aktuellen Stellenangeboten nach Ihrem pers\u00f6nlichen Traumjob.<\/p>\n\t\t\t<a href=\"https:\/\/kessler-handorn.de\/karriere\/jobs\/#stellenangebote\"  target=\"_self\">\n\t\t\t\t\t\tStellenangebote\n\t\t\t\t\t<\/a>\n<h2>\n\t\t\tDas sagen unsere Mitarbeiter\t<\/h2>\n\t\t\t<a href=\"\/karriere\/mitarbeiterstimmen\/\"  target=\"_self\">\n\t\t\t\t\t\t\tAlle Mitarbeiterstimmen &rarr;\n\t\t\t\t\t<\/a>\n<h2>\n\t\t\tAktuelle Stellenangebote\t<\/h2>\n\t\t\t<a href=\"https:\/\/kessler-handorn.de\/karriere\/jobs\/#stellenangebote\"  target=\"_self\">\n\t\t\t\t\t\t\tAlle Stellen im \u00dcberblick &rarr;\n\t\t\t\t\t<\/a>\n<h2>\n\t\t\tAn diesen Standorten pflegen wir\t<\/h2>\n\t<p>An unseren vier Wirkungsst\u00e4tten gehen wir verschiedenen Pflegeaufgaben nach. Bei Ihrer Eingliederung in unser Team ber\u00fccksichtigen wir Ihre Orts- und T\u00e4tigkeitsw\u00fcnsche.<\/p>\n<h2>\n\t\t\tIhre pers\u00f6nlichen Ansprechpartner*innen\t<\/h2>\n\t<p>Sie haben Fragen zu den ausgeschriebenen Stellen oder Ausbildungspl\u00e4tzen? Sprechen Sie uns auch gerne direkt an!<\/p>\n\t<strong>\ud83d\udc49Ansprechpartner f\u00fcr Stellenangebote<br \/>\nPersonalabteilung\u00a0<\/strong><br \/>\nTelefon: <a href=\"tel:0631 3173 120\">0631 3173 120<\/a><br \/>\nE-Mail: <a href=\"mailto:personalabteilung@kessler-handorn.de\">personalabteilung@kessler-handorn.de<\/a>\n\t<strong>\ud83d\udc49Ansprechpartner f\u00fcr Ausbildungspl\u00e4tze<br \/>\nSophie Altvater und Thobias M\u00fcnch<\/strong><br \/>\nTelefon: <a href=\"tel:0631 3173 150\">0631 3173 150<\/a><br \/>\nE-Mail: <a href=\"mailto:sophie.altvater@kessler-handorn.de\">sophie.altvater@kessler-handorn.de<\/a>\n<figure itemscope itemtype=\"https:\/\/schema.org\/ImageObject\">\n\t\t\t\t<img decoding=\"async\" src=\"https:\/\/kessler-handorn.de\/karriere\/wp-content\/uploads\/2023\/07\/personalabteilung-700x663.jpg\" alt=\"personalabteilung\" height=\"663\" width=\"700\" title=\"personalabteilung\" onerror=\"this.style.display='none'\" loading=\"lazy\" \/>\n\t<\/figure>\n<figure itemscope itemtype=\"https:\/\/schema.org\/ImageObject\">\n\t\t\t\t<img decoding=\"async\" src=\"https:\/\/kessler-handorn.de\/karriere\/wp-content\/uploads\/2025\/08\/ausbildungsleitung-kessler-handorn-2jpg.jpg\" alt=\"Ausbildungsleitung Sophie Altvater und Praxisanleitung Thobias M\u00fcnch\" height=\"818\" width=\"1090\" title=\"Ausbildungsleitung Sophie Altvater und Praxisanleitung Thobias M\u00fcnch\" onerror=\"this.style.display='none'\" loading=\"lazy\" \/>\n\t<\/figure>\n\n","protected":false},"excerpt":{"rendered":"<p>Finden Sie Ihren Traumjob in der Pflege An unseren vier Standorten bieten wir Ihnen eine breite Auswahl an Stellen in der Pflege. Tolle Arbeitsbedingungen und vielf\u00e4ltige Entwicklungsm\u00f6glichkeiten helfen bei der Entscheidung f\u00fcr einen Job bei Kessler-Handorn. Jobs st\u00f6bern &rarr; Mehr Infos &rarr; Gute Gr\u00fcnde f\u00fcr einen Job bei Kessler-Handorn Wie um unsere Senioren und Seniorinnen, &#8230; <a title=\"Kessler Handorn Karriereportal\" class=\"read-more\" href=\"https:\/\/kessler-handorn.de\/karriere\/\" aria-label=\"Mehr Informationen \u00fcber Kessler Handorn Karriereportal\">Weiterlesen<\/a><\/p>\n","protected":false},"author":1,"featured_media":0,"parent":0,"menu_order":0,"comment_status":"closed","ping_status":"closed","template":"","meta":{"_acf_changed":false,"_seopress_robots_primary_cat":"","_seopress_titles_title":"","_seopress_titles_desc":"","_seopress_robots_index":"","pgc_sgb_lightbox_settings":"","footnotes":""},"class_list":["post-94","page","type-page","status-publish"],"acf":[],"_links":{"self":[{"href":"https:\/\/kessler-handorn.de\/karriere\/wp-json\/wp\/v2\/pages\/94","targetHints":{"allow":["GET"]}}],"collection":[{"href":"https:\/\/kessler-handorn.de\/karriere\/wp-json\/wp\/v2\/pages"}],"about":[{"href":"https:\/\/kessler-handorn.de\/karriere\/wp-json\/wp\/v2\/types\/page"}],"author":[{"embeddable":true,"href":"https:\/\/kessler-handorn.de\/karriere\/wp-json\/wp\/v2\/users\/1"}],"replies":[{"embeddable":true,"href":"https:\/\/kessler-handorn.de\/karriere\/wp-json\/wp\/v2\/comments?post=94"}],"version-history":[{"count":20,"href":"https:\/\/kessler-handorn.de\/karriere\/wp-json\/wp\/v2\/pages\/94\/revisions"}],"predecessor-version":[{"id":2182,"href":"https:\/\/kessler-handorn.de\/karriere\/wp-json\/wp\/v2\/pages\/94\/revisions\/2182"}],"wp:attachment":[{"href":"https:\/\/kessler-handorn.de\/karriere\/wp-json\/wp\/v2\/media?parent=94"}],"curies":[{"name":"wp","href":"https:\/\/api.w.org\/{rel}","templated":true}]}}