{"id":1143,"date":"2023-06-23T12:20:09","date_gmt":"2023-06-23T10:20:09","guid":{"rendered":"https:\/\/kessler-handorn.de\/karriere\/?post_type=personalstimmen&#038;p=1143"},"modified":"2023-06-23T12:20:10","modified_gmt":"2023-06-23T10:20:10","slug":"adrian-imaraj","status":"publish","type":"personalstimmen","link":"https:\/\/kessler-handorn.de\/karriere\/personalstimmen\/adrian-imaraj\/","title":{"rendered":"Adrian Imaraj"},"content":{"rendered":"\n<p><strong>Welche Ausbildung machst du bei Kessler-Handorn?<\/strong><\/p>\n\n\n\n<p>Ich habe am 1.8. die Ausbildung zum Altenpflegehelfer begonnen. Davor habe ich als normale Hilfskraft gearbeitet bei Kessler-Handorn.<\/p>\n\n\n\n<p><strong>Warum hast du dich f\u00fcr eine Ausbildung im Pflegebereich entschieden?<\/strong><\/p>\n\n\n\n<p>Weil es mir von vornherein gefallen hat, da ich auch meine Oma pflege. Da ist mir aufgefallen, das ist mein Beruf, das macht mir Spa\u00df. Und man wird hier auch wirklich gef\u00f6rdert.<\/p>\n\n\n\n<p><strong>Wieso fiel die Wahl auf Kessler-Handorn?<\/strong><\/p>\n\n\n\n<p>Also das war eigentlich witzig, ich bin am Stadtpark vorbeigelaufen und habe die Einrichtung hier gesehen. Dann bin ich mal vorbei, habe mir die Nummer aufgeschrieben und angerufen. Dann habe ich auch ein Vorstellungsgespr\u00e4ch bekommen.<\/p>\n\n\n\n<p><strong>Was ist besonders an der Ausbildung bei Kessler-Handorn?<\/strong><\/p>\n\n\n\n<p>Man wird als Individuum gesehen. Man bekommt Unterst\u00fctzung, wo es geht. Von der Einrichtungsleitung und von der Wohnbereichsleitung bekommt man sehr viel Motivation. Es macht einem richtig viel Spa\u00df hier.<\/p>\n\n\n\n<p><strong>Wie sieht dein Arbeitsalltag aus?<\/strong><\/p>\n\n\n\n<p>6 Uhr morgens komme ich hier her, sehe die Kollegen und Kolleginnen von der Nachtschicht. Dann gibt es Momente, da hat man ein bisschen Spa\u00df zusammen: Redet, trinkt kurz einen Kaffee etc. Anschlie\u00dfend gehen wir auf die Station und bekommen eine \u00dcbergabe, was ich auch richtig sch\u00f6n finde. Die Einrichtungsleitung und die Pflegedienstleitung ist auch immer bei der \u00dcbergabe per Telefon. Das hat schon was Famili\u00e4res. Auf der Station hat man dann immer was zu tun, die Grundpflege mag ich besonders. Deswegen bin ich auch Pfleger geworden.<\/p>\n\n\n\n<p><strong>Wie liefen die ersten Wochen bei uns<\/strong><strong>?<\/strong><\/p>\n\n\n\n<p>Ich habe eine richtig gute Anleitung bekommen. Man hat auch das Gef\u00fchl, jetzt wirds ernst. Jetzt f\u00e4ngt die Ausbildung an. Wir hatten einen Monat Schule. Da haben wir uns echt gut vorbereitet. Ich bin vollkommen zufrieden hier.<\/p>\n\n\n\n<p><strong>Was macht dir am meisten Spa\u00df?<\/strong><\/p>\n\n\n\n<p>Der Umgang mit den Menschen. Der Kontakt zu ihnen und dass man ihnen helfen kann.<\/p>\n\n\n\n<p><strong>Welche Erwartungen hast du an deine Ausbildung?<\/strong><\/p>\n\n\n\n<p>Das ich wirklich alle Seiten in der Pflege kennenlerne. Ich bin gerade im Au\u00dfenpraktikum in der ambulanten Pflege. Das ist schon richtig interessant und ganz was anderes als auf der station\u00e4ren Pflege.<\/p>\n\n\n\n<p><strong>Welche Tipps hast du f\u00fcr diejenigen, die vielleicht noch eine Ausbildung in der Pflege machen wollen?<\/strong><\/p>\n\n\n\n<p>Auf jeden Fall sollte man mal mindestens einen Tag reinschnuppern, um ein Gef\u00fchl daf\u00fcr zu bekommen.<\/p>\n\n\n\n<p><strong>Hast du denn schon irgendwelche Pl\u00e4ne f\u00fcr die Zukunft?<\/strong><\/p>\n\n\n\n<p>Also ich m\u00f6chte gerne nach der Ausbildung die Generalistik nachholen. Und dann Pflegep\u00e4dagogik studieren. Ich habe mir da schon ein paar Ziele gesetzt. (lacht)<\/p>\n","protected":false},"featured_media":1144,"template":"","mitarbeiterart":[23],"class_list":{"0":"post-1143","1":"personalstimmen","2":"type-personalstimmen","3":"status-publish","4":"has-post-thumbnail","6":"mitarbeiterart-auszubildend"},"acf":[],"_links":{"self":[{"href":"https:\/\/kessler-handorn.de\/karriere\/wp-json\/wp\/v2\/personalstimmen\/1143","targetHints":{"allow":["GET"]}}],"collection":[{"href":"https:\/\/kessler-handorn.de\/karriere\/wp-json\/wp\/v2\/personalstimmen"}],"about":[{"href":"https:\/\/kessler-handorn.de\/karriere\/wp-json\/wp\/v2\/types\/personalstimmen"}],"wp:featuredmedia":[{"embeddable":true,"href":"https:\/\/kessler-handorn.de\/karriere\/wp-json\/wp\/v2\/media\/1144"}],"wp:attachment":[{"href":"https:\/\/kessler-handorn.de\/karriere\/wp-json\/wp\/v2\/media?parent=1143"}],"wp:term":[{"taxonomy":"mitarbeiterart","embeddable":true,"href":"https:\/\/kessler-handorn.de\/karriere\/wp-json\/wp\/v2\/mitarbeiterart?post=1143"}],"curies":[{"name":"wp","href":"https:\/\/api.w.org\/{rel}","templated":true}]}}

<p><strong>Welche Ausbildung machst du bei Kessler-Handorn?</strong></p>



<p>Ich habe am 1.8. die Ausbildung zum Altenpflegehelfer begonnen. Davor habe ich als normale Hilfskraft gearbeitet bei Kessler-Handorn.</p>



<p><strong>Warum hast du dich für eine Ausbildung im Pflegebereich entschieden?</strong></p>



<p>Weil es mir von vornherein gefallen hat, da ich auch meine Oma pflege. Da ist mir aufgefallen, das ist mein Beruf, das macht mir Spaß. Und man wird hier auch wirklich gefördert.</p>



<p><strong>Wieso fiel die Wahl auf Kessler-Handorn?</strong></p>



<p>Also das war eigentlich witzig, ich bin am Stadtpark vorbeigelaufen und habe die Einrichtung hier gesehen. Dann bin ich mal vorbei, habe mir die Nummer aufgeschrieben und angerufen. Dann habe ich auch ein Vorstellungsgespräch bekommen.</p>



<p><strong>Was ist besonders an der Ausbildung bei Kessler-Handorn?</strong></p>



<p>Man wird als Individuum gesehen. Man bekommt Unterstützung, wo es geht. Von der Einrichtungsleitung und von der Wohnbereichsleitung bekommt man sehr viel Motivation. Es macht einem richtig viel Spaß hier.</p>



<p><strong>Wie sieht dein Arbeitsalltag aus?</strong></p>



<p>6 Uhr morgens komme ich hier her, sehe die Kollegen und Kolleginnen von der Nachtschicht. Dann gibt es Momente, da hat man ein bisschen Spaß zusammen: Redet, trinkt kurz einen Kaffee etc. Anschließend gehen wir auf die Station und bekommen eine Übergabe, was ich auch richtig schön finde. Die Einrichtungsleitung und die Pflegedienstleitung ist auch immer bei der Übergabe per Telefon. Das hat schon was Familiäres. Auf der Station hat man dann immer was zu tun, die Grundpflege mag ich besonders. Deswegen bin ich auch Pfleger geworden.</p>



<p><strong>Wie liefen die ersten Wochen bei uns</strong><strong>?</strong></p>



<p>Ich habe eine richtig gute Anleitung bekommen. Man hat auch das Gefühl, jetzt wirds ernst. Jetzt fängt die Ausbildung an. Wir hatten einen Monat Schule. Da haben wir uns echt gut vorbereitet. Ich bin vollkommen zufrieden hier.</p>



<p><strong>Was macht dir am meisten Spaß?</strong></p>



<p>Der Umgang mit den Menschen. Der Kontakt zu ihnen und dass man ihnen helfen kann.</p>



<p><strong>Welche Erwartungen hast du an deine Ausbildung?</strong></p>



<p>Das ich wirklich alle Seiten in der Pflege kennenlerne. Ich bin gerade im Außenpraktikum in der ambulanten Pflege. Das ist schon richtig interessant und ganz was anderes als auf der stationären Pflege.</p>



<p><strong>Welche Tipps hast du für diejenigen, die vielleicht noch eine Ausbildung in der Pflege machen wollen?</strong></p>



<p>Auf jeden Fall sollte man mal mindestens einen Tag reinschnuppern, um ein Gefühl dafür zu bekommen.</p>



<p><strong>Hast du denn schon irgendwelche Pläne für die Zukunft?</strong></p>



<p>Also ich möchte gerne nach der Ausbildung die Generalistik nachholen. Und dann Pflegepädagogik studieren. Ich habe mir da schon ein paar Ziele gesetzt. (lacht)</p>
